*z + 25 = 0. Suppose 9*m - 206 - f = 0. Let p(l) = 19 + 5 - m + 2*l. Calculate p(-5).
-9
Let z(a) = -7*a**3 + 24*a**2 + 3*a - 35. Let p(v) = -11*v**3 + 37*v**2 + 5*v - 54. Let d(m) = -9*p(m) + 14*z(m). Suppose 0 = -3*g - 0*g - 12. Give d(g).
-8
Let s(r) be the second derivative of -r**3/6 + 1037*r + 2. Calculate s(-9).
9
Let o(h) = -h**2 + 4*h - 12. Let q(m) = 19*m**2 + 175*m + 41. Let v be q(-9). What is o(v)?
-17
Suppose -7 = -6*d - d. Let l be 24/6 + 0*(d + 0). Suppose 3*s - l = s + t, 4*s + 2*t = 0. Let x(g) = 11*g + 1. What is x(s)?
12
Let o = 17398 + -17410. Let w(f) = -f**2 + 1. Let r(x) = 5*x**2 - 11*x + 6. Let y(n) = r(n) + 6*w(n). Give y(o).
0
Let r(i) = -i**3 - 11*i**2 + 13*i + 14. Let a be (1260/490)/(6/(-56)*2). Give r(a).
2
Suppose 4*a = a + 2*h + 64, 0 = -a + 5*h + 43. Suppose 6*i = a + 18. Let l(w) = -w**2 + 7*w - 3. What is l(i)?
3
Let j(m) = -4*m + 51. Let u = 2818 + -2806. Determine j(u).
3
Let s be (-1)/(-1*1) - 3473/(-23). Let o be 9*(-4 + s/36). Let d(h) = -6*h + 10. Let a(c) = 12*c - 23. Let l(g) = 3*a(g) + 7*d(g). Determine l(o).
-11
Let f(m) = 4*m**3 + 4*m**2 + 3*m + 1. Let x be 3 + 121 - (-2 - -5 - 7). Suppose 51*w = 55*w + x. Let u = w + 30. Give f(u).
-21
Suppose 0 = -x - 2*s - 2, -2*s = 3*x - 5*s - 39. Let l(v) = v**3 - 9*v**2 + 11*v - 20. Determine l(x).
4
Suppose 2*m + 4*w = 6*m + 12, 2*w - 8 = m. Let q(n) = -4*n**2 + 0*n - m*n + 7*n + 2*n + 5*n**2. Give q(-6).
-6
Let f(q) be the second derivative of q**4/6 - 3*q**3/2 - 10*q**2 + 347*q. Calculate f(8).
36
Let q(v) = -v**3 + 2*v**2 + v + 3. Let d(m) = 4*m**3 + 72*m**2 - m + 35. Let l(w) = d(w) + 2*q(w). What is l(-38)?
3
Let n be (-90)/(-495) + (-42)/(-11). Let r(q) = -4*q + 0*q + 7*q + 0*q + n - 5 - 6*q**2. What is r(2)?
-19
Let b(z) = -2222*z - 15559. Let i be b(-7). Let p(m) = 5*m - 8*m - 7*m**2 - 4 - 8*m - m**3. Give p(i).
1
Suppose 5*r = -3*v + 25, 3*v - 3 - 6 = 3*r. Let z(q) be the third derivative of -q**4/2 - q**3/6 + 357*q**2 - 27*q + 1. Calculate z(r).
-25
Let f(q) = 258 - 755 + 259 + 283 - 11*q + 15*q. Calculate f(-11).
1
Let m(c) = -5*c**2 - 6*c + 7. Suppose -3*k - k - 16 = 0. Let o(j) = -5 - j + 11 - 2*j**2 - 4*j - 2*j**2. Let g(u) = k*o(u) + 3*m(u). What is g(-4)?
5
Let y(i) be the third derivative of -i**6/120 + i**5/4 + 19*i**4/24 - 41*i**3/6 + 66*i**2. Let c be y(16). Let o(h) = h**3 - 8*h**2 + 5*h + 10. Calculate o(c).
-4
Let o(u) be the first derivative of -u**7/840 + u**6/180 - u**4/12 + 160*u**3/3 - 19. Let k(m) be the third derivative of o(m). Give k(2).
-2
Let g be (-1 + (-32)/(-28))*(4 + 12/4). Let u(f) = -2*f**2 - 3*f + 2. Give u(g).
-3
Let s(j) = j**2 + 9*j - 10. Let c be s(-10). Let v = c - -6. Let f(t) be the first derivative of t**4/4 - 2*t**3 + 3. Determine f(v).
0
Suppose -5*y - 30 = -20*y. Let q(j) = -y*j + 3 + 3*j - 5 - 3. Give q(9).
4
Let g(c) = -c**2 - c - 19. Let r = 8096 - 8096. Give g(r).
-19
Let t(k) = -18*k - 23. Let f(i) = 71*i + 88. Let g(b) = -6*f(b) - 23*t(b). Let c be (1/(-3))/(1/9). Give g(c).
37
Let m(u) = 55*u + 0*u - 54*u + 13. Determine m(-13).
0
Let k(i) = i**3 + 4*i**2 + 2*i - 4. Let b be -8*3/(-2)*(-1)/(-2). Let z be 2/(-2*(-4)/16). Suppose -2*y - 14 = 2*j, b = j - z*y - 7. What is k(j)?
-1
Let i(f) = f**3 - 1. Let p(m) be the third derivative of -m**6/20 - m**5/20 - m**4/12 + m**3/3 + 72*m**2. Let c(t) = 4*i(t) + p(t). What is c(-2)?
6
Let c be 2/3*5580/(-744). Let r(u) = -15*u - 81. Calculate r(c).
-6
Let k be 540/(-120) + (-21)/(-6). Let f(x) = 7*x + 9. Give f(k).
2
Let n(h) = 2*h**3 - 21*h**2 - 50*h + 176. Let b be n(12). Let d(g) = 2*g - 25. Determine d(b).
-9
Let p(l) = 3*l**3 + 4*l**2 + l - 2. Let n = 316 - 160. Let z = n + -158. Determine p(z).
-12
Let o(r) = -r**2 + 2*r + 5. Let j(z) = z**3 + 38*z**2 - 85*z - 202. Let x be j(-40). Give o(x).
-3
Let w be (-1)/(15/10) + (-260)/6. Let i = -42 - w. Let f(z) = 3*z**3 + z**2 - 2*z + 1. What is f(i)?
25
Let f be -4*3/18*6/(-4). Suppose -5*n = 3*a - 26, 0 = 5*a + n - 8 - 6. Let t(v) = -2*v + 8*v + 5*v**3 - 5*v - 3*v + v**a + 1. What is t(f)?
5
Suppose -5 - 19 = -3*i. Let n(q) = q**3 + 1 + 1 - 10*q + 9 - 7*q**2. Determine n(i).
-5
Suppose -5*d + 95 = 10. Suppose 4*i = -4*w + d - 5, 3*w - 6 = -2*i. Let a(f) = -f**3 + 4*f**2 - 2*f + 3. Calculate a(i).
6
Let d(k) be the third derivative of -k**5/60 - k**4/12 + 11*k**3 - 83*k**2 - 14*k. Give d(-10).
-14
Let q(c) = -c**3 + 43*c**2 - 2*c + 92. Let a be q(43). Let j = -3 - -2. Let n(f) = f**2 + 1. Let z(w) = 3*w**2 + 7*w + 7. Let x(l) = j*z(l) + 4*n(l). Give x(a).
-9
Let t(j) = -6240 - 4*j**2 - j + 3123 + 3119 + 5*j**3 + 0*j**3 - 6*j**3. Give t(-3).
-4
Let b(i) = -i + 2. Suppose 4*u - 9*u + 40 = 0. Let s be 38/8 - (-2)/u. Suppose -s = -j, 5*x + 4*j = x + 12. Determine b(x).
4
Let j(q) = -q**2 + q - 3. Suppose 3*f = 2*i + 30, -4*i + f = 6*f + 16. Let b = i - -15. Determine j(b).
-33
Let z be 70/7 + ((-18)/(-3))/(-3). Let f(o) = -o**3 + 4*o**2 + 32*o - 4. Determine f(z).
-4
Let u(d) be the first derivative of -d**3 + 7*d**2/2 - 5*d - 2771. Give u(4).
-25
Let q(m) = 2*m - 1. Let t be (-11965)/(-35) - (-11)/77. Let j be (-1)/(66/t) + 4/22. Calculate q(j).
-11
Let s(d) = 4*d**3 - 78*d**2 - 15*d - 334. Let f(c) = -c**3 + 26*c**2 + c + 111. Let z(u) = 7*f(u) + 2*s(u). Determine z(-27).
1
Let s(i) = 11*i**3 - 2*i**2 - i. Let p(c) = c + 24. Let z be p(-22). Suppose 0*k = z*k - 9*k. Let g(h) = 5*h - 1. Let w be g(k). Calculate s(w).
-12
Let a = 344 + -340. Let l(r) = 2*r**2 - 8*r + 8. Calculate l(a).
8
Let y(p) be the third derivative of 13*p**4/24 - p**3/2 + 13*p**2. Suppose 4*u - 60 = 8*u - 68. Give y(u).
23
Suppose -5*z + 1 + 23 = 4*f, -z = -f - 3. Let p be (16/2)/(2 - f). Let t(u) = 7 - 2 - p*u - u**2 + 4*u. Determine t(-4).
5
Let u(h) = 2*h**2 + 3. Suppose -134 = 218*x + 738. Give u(x).
35
Let d be (-300)/(-40)*(40/6)/5. Let r(n) = n**2 + 12 - 9*n**2 + 8*n**2 - d*n + n**2. What is r(8)?
-4
Let m(z) = z + 1. Let w = -58 - -56. Let c be (0 - w) + -3 + 4 + 0. Suppose -l = c, 8 = -t + 2*l - 4*l. Calculate m(t).
-1
Let g(a) = -6*a**3 - 1 - 2*a**2 - 15*a + 12*a + a**3. Let q be g(-1). Let o(l) = 10*l - 2*l - 6 + l - q*l. Determine o(6).
18
Let a = 5069/2026 + -2/1013. Let b(h) be the first derivative of -a*h**2 + 7/3*h**3 - 1/4*h**4 - 5*h + 13. Give b(6).
1
Let n(s) be the first derivative of 3*s**2/2 + 8*s + 1033. Let a = -14 + 3. Let b(c) = -8*c - 23. Let v(i) = a*n(i) - 4*b(i). Give v(-3).
7
Let c(h) = h**3 - 4*h**2 - 6*h + 10. Let f(o) = 2*o**3 + 165*o**2 + 79*o - 241. Let j be f(-82). What is c(j)?
5
Let t(l) be the first derivative of 35*l**2/2 - 187. Give t(-1).
-35
Let x(s) = 43*s**3 + 2*s**2 + s. Let a be x(-1). Let y(p) = 2*p**3 - 70*p**2 - 71*p - 77. Let z be y(36). Let b = z - a. Let h(i) = 3*i**2 + i. Calculate h(b).
4
Let h(t) = -3*t**2 + 11*t + 12. Suppose -7*r = 7*r + 6*r - 100. Calculate h(r).
-8
Let w(d) = -4*d**2 + 1. Let k(m) = -15*m**2 - 30*m + 25. Let j(y) = k(y) - 5*w(y). Determine j(5).
-5
Let n = 2088 + -2088. Let u(s) = 2*s - 67. Give u(n).
-67
Let x(v) = v - 14. Let a(w) = -w + 9. Let o(l) = -3*a(l) - 2*x(l). Suppose 8*z - 9*z - 6 = 0. Calculate o(z).
-5
Let z(h) be the third derivative of -7*h**4/3 + 787*h**3/6 + h**2 + 3*h + 138. Calculate z(14).
3
Let d(h) = -3*h + 21. Let o(z) be the third derivative of -7*z**4/24 + 43*z**3/6 - 66*z**2. Let b(w) = 9*d(w) - 4*o(w). Give b(-6).
11
Suppose -179 = -3*q + b, -5*q - 5*b + 0*b + 265 = 0. Let o be 0 + -1 + (65 - 0). Let c = o - q. Let z(g) = g**2 - 7*g - 8. Calculate z(c).
-14
Let g(i) = -50*i**2 - 46*i + 92*i**2 + 112 - 68 - 41*i**2. Give g(45).
-1
Let x(k) = 17*k + 3. Let b(s) = 6*s + 1. Let i = -44 + 42. Let n be (i + 0)/((-3)/(-12)). Let t(c) = n*b(c) + 3*x(c). Calculate t(-2).
-5
Let p(q) = q**3 - 7*q**2 - q + 10. Let m(g) = -g**2 - 4*g + 7. Let a be m(0). What is p(a)?
3
Let s be 1/(2 + 12/(-8)). Suppose 15*n - 6 = 12*n. Let x(z) = -n - 2*z - 1 + 6*z**s - 2 + 6. Determine x(1).
5
Suppose -3*k = -2*k - 3. Let h(w) = 11 - 1 + 12*w**2 - 13*w**2 + 5*w**2 - 5*w - 7. Determine h(k).
24
Let i(d) = d**2 - 772*d - 7818. Let y be i(-10). Let s(q) be the first derivative of y*q + 6 - 2/3*q**3 - 3/2*q**2. Give s(-3).
-7
Suppose -198*w = -206*w + 304. Suppose 8 = 42*a - w*a. Let m(n) = -2*n**3 - n**2 - 2*n + 3. What is m(a)?
-21
Let d(t) be the second derivat